{"id":24766,"date":"2017-04-29T23:15:42","date_gmt":"2017-04-29T23:15:42","guid":{"rendered":"http:\/\/www.mfdsgn.com\/mfd\/?page_id=24766"},"modified":"2022-03-17T15:50:20","modified_gmt":"2022-03-17T15:50:20","slug":"services","status":"publish","type":"page","link":"https:\/\/breyn.is\/?page_id=24766","title":{"rendered":"\u00dej\u00f3nustur"},"content":{"rendered":"<div class=\"wpb-content-wrapper\"><p>[vc_row][vc_column][vc_column_text]<\/p>\n<p style=\"font-weight: 400;\"><strong>\u00dej\u00f3nustan okkar er marg\u00fe\u00e6tt og er s\u00e9rsni\u00f0in a\u00f0 \u00fe\u00f6rfum hvers og eins vi\u00f0skiptavinar. Vi\u00f0 bj\u00f3\u00f0um upp\u00e1;<\/strong><\/p>\n<ul style=\"font-weight: 400;\">\n<li>F\u00e6rslu b\u00f3khalds<\/li>\n<li>Reikningager\u00f0<\/li>\n<li>Launavinnslur og skil skilagreina<\/li>\n<li>Lausafj\u00e1rst\u00fdring<\/li>\n<li>\u00ddmsar gagnagreiningar<\/li>\n<li>H\u00fasf\u00e9laga\u00fej\u00f3nusta<\/li>\n<li>R\u00e1\u00f0gj\u00f6f var\u00f0andi val \u00e1 fyrirt\u00e6kjaformi og stofnun fyrirt\u00e6kja<\/li>\n<li>\u00c1\u00e6tlanager\u00f0<\/li>\n<li>Ger\u00f0 \u00e1rsreikninga<\/li>\n<li>Framtalsskil<\/li>\n<\/ul>\n<p>[\/vc_column_text][\/vc_column][\/vc_row]<\/p>\n<\/div>","protected":false},"excerpt":{"rendered":"<p>[vc_row][vc_column][vc_column_text] \u00dej\u00f3nustan okkar er marg\u00fe\u00e6tt og er s\u00e9rsni\u00f0in a\u00f0 \u00fe\u00f6rfum hvers og eins vi\u00f0skiptavinar. Vi\u00f0 bj\u00f3\u00f0um upp\u00e1; F\u00e6rslu b\u00f3khalds Reikningager\u00f0 Launavinnslur og skil skilagreina Lausafj\u00e1rst\u00fdring \u00ddmsar gagnagreiningar H\u00fasf\u00e9laga\u00fej\u00f3nusta R\u00e1\u00f0gj\u00f6f var\u00f0andi val \u00e1 fyrirt\u00e6kjaformi og stofnun fyrirt\u00e6kja \u00c1\u00e6tlanager\u00f0 Ger\u00f0 \u00e1rsreikninga Framtalsskil [\/vc_column_text][\/vc_column][\/vc_row]<\/p>\n","protected":false},"author":1,"featured_media":0,"parent":26302,"menu_order":0,"comment_status":"closed","ping_status":"closed","template":"","meta":{"footnotes":""},"class_list":["post-24766","page","type-page","status-publish","hentry"],"_links":{"self":[{"href":"https:\/\/breyn.is\/index.php?rest_route=\/wp\/v2\/pages\/24766","targetHints":{"allow":["GET"]}}],"collection":[{"href":"https:\/\/breyn.is\/index.php?rest_route=\/wp\/v2\/pages"}],"about":[{"href":"https:\/\/breyn.is\/index.php?rest_route=\/wp\/v2\/types\/page"}],"author":[{"embeddable":true,"href":"https:\/\/breyn.is\/index.php?rest_route=\/wp\/v2\/users\/1"}],"replies":[{"embeddable":true,"href":"https:\/\/breyn.is\/index.php?rest_route=%2Fwp%2Fv2%2Fcomments&post=24766"}],"version-history":[{"count":4,"href":"https:\/\/breyn.is\/index.php?rest_route=\/wp\/v2\/pages\/24766\/revisions"}],"predecessor-version":[{"id":30872,"href":"https:\/\/breyn.is\/index.php?rest_route=\/wp\/v2\/pages\/24766\/revisions\/30872"}],"up":[{"embeddable":true,"href":"https:\/\/breyn.is\/index.php?rest_route=\/wp\/v2\/pages\/26302"}],"wp:attachment":[{"href":"https:\/\/breyn.is\/index.php?rest_route=%2Fwp%2Fv2%2Fmedia&parent=24766"}],"curies":[{"name":"wp","href":"https:\/\/api.w.org\/{rel}","templated":true}]}}